3 + 89*w**2/2 - 2*w + 17. What are the prime factors of k(37)?
2, 3, 29
Suppose 10966 = 2*u + 3*v, 15*u - 11*u = -2*v + 21908. What are the prime factors of u?
2, 7, 17, 23
Suppose h + 190 = 698. Let r = h - 355. Suppose 10*i = 693 - r. List the prime factors of i.
2, 3
Suppose -2*v - 2*o = -8, 2*v + 5*o + 7 = -0. Suppose -85 - 329 = -v*y. Let p = y - -96. What are the prime factors of p?
2, 71
Let b(l) = 3*l**2 - 6 + 10 - 3 - 2*l**3 + 2*l. Let n be b(-1). What are the prime factors of (-1)/n + 394/8?
7
Let o(u) = u**3 - 9*u**2 + u + 9. Let z be o(9). Suppose 0 = d - 3 + z. What are the prime factors of ((-1098)/d)/((-20)/(-50))?
3, 61
Let g = 58 + -47. Let i(q) = -22*q - g*q - 1 + 2 - 8*q. List the prime factors of i(-3).
2, 31
List the prime factors of 109557/1036*232/6.
3, 29, 47
Suppose 0 = -154*u + 175*u - 88*u + 853982. List the prime factors of u.
2, 6373
Suppose 0 = -m - h, -3*h = 4*m - h - 8. Suppose 2*y = -5*l + 248, -m*y + 248 = -2*y + l. What are the prime factors of y?
2, 31
Let l be 2/(-7) + (-33)/7. Let r(p) = -97*p - 118. Let n(t) = 48*t + 53. Let u(o) = -13*n(o) - 6*r(o). List the prime factors of u(l).
229
Let x be (-83)/((-2)/16*-4 - 1). Let i = x + 21. Let u = -107 + i. List the prime factors of u.
2, 5
Suppose 14*c = 10*c. Let p be c + 7 - (3 - 1). Suppose p*x = -v + 68, -5*x - 178 = -2*v - x. List the prime factors of v.
83
What are the prime factors of (1*-10)/((-123180)/11196 + 11)?
3, 5, 311
Let t(f) = 8*f**3 + 19*f**2 - 64*f + 624. List the prime factors of t(14).
2, 3, 29, 73
Let f = -125 + 3256. List the prime factors of f.
31, 101
Let x = 84 - 119. Let h = x + 44. Suppose h - 11 = -n. What are the prime factors of n?
2
Suppose 2*l + 6*s - 11324 = s, 5*l + 2*s = 28310. List the prime factors of l.
2, 19, 149
Suppose -32002 - 142207 = -31*g + 187747. List the prime factors of g.
2, 3, 7, 139
Suppose l = 4*a - 14, -5*l - 3*a + 15 = -7. Suppose 0 = l*g + 2*b - b - 165, g - 3*b = 72. Suppose g = 2*n - 51. What are the prime factors of n?
2, 3, 11
Let g be ((1 + 0)*3)/((-3)/(-2)). Suppose -2*h = k - 7, -5*h - 96 = -4*k - 3. Suppose -k - 31 = -g*j. What are the prime factors of j?
2, 3
Let t(w) = -459*w**3 - 5*w**2 - 10*w - 92. List the prime factors of t(-4).
2, 3, 2437
Let g = 13979 + 17601. What are the prime factors of g?
2, 5, 1579
Suppose 45 = -25*j + 16*j. What are the prime factors of (4 - 7) + 241 - j?
3
Let j(c) = -11*c - 93. Let s be j(10). Let g = s - -778. What are the prime factors of g?
5, 23
Let k(y) = -2*y**2 - 29*y + 13. Let v(u) = -u**2 + 15*u - 50. Let w be v(12). List the prime factors of k(w).
3
Let y(r) = 72*r + 27. Let n be y(15). Suppose 3*f - n = -3*a, -f = -5*a + a + 1476. Let s = a + -249. What are the prime factors of s?
2, 3, 5
Let f(g) = g**2 + 10*g + 29. Suppose 11*b - 6*b + 30 = 0. Let r be f(b). Suppose -3*h + 3*q + 181 = -h, 0 = 5*h + r*q - 465. List the prime factors of h.
2, 23
Suppose 4785 = -4*m + a, 32*a = 2*m + 37*a + 2387. Let c = -723 - m. What are the prime factors of c?
11, 43
Let d(n) = n**2 + 6*n - 26. Let r be d(-16). Suppose -5*w + 748 = 3*m, 82 = m - 5*w - r. List the prime factors of m.
241
Let g = 132 + 136. Let f be -2 + (-1)/((-4)/g). Suppose 4*m - f = -m. What are the prime factors of m?
13
Let b = 14461 + -10044. List the prime factors of b.
7, 631
Let p(a) = 11*a**2 - 41*a + 14. Let n(g) = 5*g**2 - 21*g + 6. Let h(l) = 5*n(l) - 2*p(l). What are the prime factors of h(16)?
2, 3, 67
Let a(w) = -w**3 + 3*w**2 + 6*w - 7. Let p be a(4). Let z be p*(-8)/(40/(-15)). Suppose -9*l = -6*l + s - 785, 0 = l + z*s - 275. List the prime factors of l.
2, 5, 13
Let x = 33 - 29. Suppose 1016 + 292 = x*g. What are the prime factors of g?
3, 109
Let l(k) = 8 - 4*k + 470*k**2 + 1025*k**2 - 8 - 4. List the prime factors of l(-1).
5, 13, 23
Let s(y) = -1740*y - 4249. What are the prime factors of s(-14)?
7, 13, 17
Let u(i) = 73*i**2 - 28*i - 135. Let v be (-1)/((-3)/84*-7). What are the prime factors of u(v)?
5, 229
Let b = 17503 + -12157. What are the prime factors of b?
2, 3, 11
Let l be (12/8)/(3/18). Suppose l*x - 5*u - 1828 = 5*x, -2*x - 5*u = -944. List the prime factors of x.
2, 3, 7, 11
Suppose -4*k = -h - 3942 - 2341, 7838 = 5*k + 4*h. Let p = -796 + k. List the prime factors of p.
2, 3, 43
Let h(m) = 251*m**2 - 84*m + 454. What are the prime factors of h(6)?
2, 4493
Suppose 7*w - 1507 = -9*w + 79933. What are the prime factors of w?
2, 5, 509
Suppose -c = -5*c - 3*m - 74, -2*c = m + 38. Suppose 3*w = 5*j + 153, 4*j = -16*w + 12*w + 172. Let s = w - c. List the prime factors of s.
2, 3, 11
Suppose 5*o + 2*v - 74689 = 0, 59760 = 14*o - 10*o + 6*v. What are the prime factors of o?
3, 13, 383
Let v(k) be the third derivative of 7*k**5/20 - k**4/24 + k**3/3 + 24*k**2. Let c be v(-2). Suppose -x + c + 28 = 0. List the prime factors of x.
2, 29
Suppose -4*g + 442 = 2*f, -7*g + 6*g = -4*f + 911. Suppose f*c - 3690 = 222*c. List the prime factors of c.
2, 3, 41
Let n = 6768 - 10602. Let y = -2425 - n. What are the prime factors of y?
1409
Let w(r) = r**2 + 10*r + 7. Let a be (-4)/(-10) - ((-372)/(-10))/(-2). Let x be (32 - 34)/((4/a)/2). List the prime factors of w(x).
2, 89
Let k(y) = y**3 + 12*y**2 + 4*y + 47. Let j be k(-12). Let w(l) = -324*l**3 - 3*l**2 + 2. List the prime factors of w(j).
17, 19
Let t = 6 + 8. Let i = t + -12. Suppose -16 = -i*k + 44. List the prime factors of k.
2, 3, 5
Suppose 5*v = -5*k + 8120, -k + 1636 = -40*v + 35*v. Suppose -82*j = -84*j + k. What are the prime factors of j?
3, 271
Let q be 1432 - 3 - (13 - 5). List the prime factors of (-11 - -8 - 4) + q.
2, 7, 101
Suppose -4*c - 159 = -855. Let w = 124 + c. What are the prime factors of w?
2, 149
Suppose -137 = -12*q + 11*q. Suppose q = 3*x - 352. Suppose -7*p - x = -436. List the prime factors of p.
3, 13
Let l = -33 + 35. Let w be ((-5)/(-3))/(5/15) - l. What are the prime factors of ((-6)/9)/(w/(-36))?
2
What are the prime factors of (-4)/14 + -13 + (-615600)/(-315)?
3, 647
Let v = 7670 + -1869. List the prime factors of v.
5801
Suppose 5*a + y + 4*y = 5045, -4*a = -2*y - 4048. Suppose -u - 4*w = -a, -4*w + 2047 = 2*u - w. What are the prime factors of u?
1031
Let h(j) = 4*j**2 + 14*j - 12. Let g be 2/4*-1*80/(-4). Let n be h(g). Suppose 5*s - 12 - n = 0. What are the prime factors of s?
2, 3
Let c be 3 + -7 - (-1465 - 3). Suppose 3*n = 2*d + 900 + 3484, -2*d - c = -n. Suppose 6*l + n = 11*l. What are the prime factors of l?
2, 73
Let z = 16 - 11. Suppose -2*a - 2015 = -7*w + 2*w, 790 = 2*w - 4*a. Suppose -s - 4*s + 3*l + w = 0, -l - 415 = -z*s. List the prime factors of s.
2, 3, 7
Let r be (44 - 41)*1*9. Let c(y) = y**2 - 16*y + 70. What are the prime factors of c(r)?
367
List the prime factors of 9186/12 - (-1 + 30/20).
3, 5, 17
Let n = 1482 + 2700. What are the prime factors of n?
2, 3, 17, 41
Let y be -3 - (46 + 4 + -3). Let s be 12/66 + 136/(-22). What are the prime factors of y/s + -2*(-2)/(-12)?
2
Suppose 5*i = 2*k - 3, -k + 0*i = -4*i. Suppose k*s = -s + 1035. List the prime factors of -1 + 1/(3/s).
2, 17
Suppose 66*c + 19695 = 278943. What are the prime factors of c?
2, 491
Suppose -46 = l - 5*o, -6*o - 172 = 5*l - 2*o. Let q = -32 - l. Suppose -7*y + q*y = -396. List the prime factors of y.
2, 3, 11
Let u be (-1 - -73)*(50/(-4) - 3). Let r = u + 1638. What are the prime factors of r?
2, 3, 29
Suppose -5*x = 2*r - 76497, 13*r - 3*x + 152959 = 17*r. What are the prime factors of r?
2, 11, 79
Let w be (-12)/4 + (-1)/((-2)/1844). Let m = 1564 - w. Suppose 10 = 2*s - 0*s, -5*x + m = -3*s. List the prime factors of x.
2, 3, 11
Let u = -158 - 352. Let p = 439 - u. List the prime factors of p.
13, 73
Let z be (-23350)/125*(0 + (-10)/4). Let h = 11 + z. List the prime factors of h.
2, 239
Let a(m) = 0*m**2 - 6*m - 3*m**2 + 0*m**2 + 4 + 2*m**2 + m**3. Let h be a(3). Suppose 6*g = 5*c + g - 350, -h = 4*g. What are the prime factors of c?
3, 23
Let z(x) = 12*x**2 - 204*x - 113. What are the prime factors of z(23)?
1543
Let j(b) = -20*b + 1. Let g be j(-1). Suppose 66*y = 67*y + 3. List the prime factors of ((1170/g)/y)/((-1)/7).
2, 5, 13
Let o(z) be the third derivative of z**6/60 - 7*z**5/30 + 11*z**4/12 + 35*z**3/6 - 145*z**2. List the prime factors of o(12).
37, 47
Suppose -2931*w + 2944*w = 3459